nder when 3883843 is divided by 13?
2
What is the remainder when 412406 is divided by 4577?
476
Calculate the remainder when 1599320 is divided by 1164.
1148
Calculate the remainder when 386082 is divided by 322.
4
What is the remainder when 983435 is divided by 46830?
5
Calculate the remainder when 628188 is divided by 326.
312
What is the remainder when 24903 is divided by 8038?
789
Calculate the remainder when 4859170 is divided by 2429535.
100
Calculate the remainder when 361838 is divided by 30.
8
Calculate the remainder when 1066404 is divided by 2124.
156
Calculate the remainder when 4626717 is divided by 504.
501
Calculate the remainder when 12397743 is divided by 4132545.
108
Calculate the remainder when 139163273 is divided by 14.
11
What is the remainder when 20725217 is divided by 2349?
2339
What is the remainder when 1930343 is divided by 1056?
1031
What is the remainder when 266126 is divided by 64511?
8082
What is the remainder when 651504 is divided by 130248?
264
Calculate the remainder when 64042037 is divided by 252134.
1
Calculate the remainder when 5276105 is divided by 1758213.
1466
What is the remainder when 52529782 is divided by 13132444?
6
What is the remainder when 4843544 is divided by 1415?
1414
What is the remainder when 11685008 is divided by 5842502?
4
What is the remainder when 1069368 is divided by 448?
440
What is the remainder when 128825602 is divided by 63?
52
Calculate the remainder when 2940 is divided by 2724.
216
Calculate the remainder when 177415 is divided by 437.
430
Calculate the remainder when 106549 is divided by 9888.
7669
What is the remainder when 16024790 is divided by 2153?
11
Calculate the remainder when 140348158 is divided by 128.
126
Calculate the remainder when 12127975 is divided by 449184.
7
What is the remainder when 48276767 is divided by 782?
779
Calculate the remainder when 310074 is divided by 30367.
6404
Calculate the remainder when 6107494 is divided by 3053721.
52
Calculate the remainder when 10061477 is divided by 1712.
53
Calculate the remainder when 537632 is divided by 5375.
132
What is the remainder when 257049 is divided by 657?
162
Calculate the remainder when 67631 is divided by 1534.
135
What is the remainder when 44681094 is divided by 7446848?
6
Calculate the remainder when 740539 is divided by 123422.
7
Calculate the remainder when 8318927 is divided by 1136.
1135
Calculate the remainder when 22700 is divided by 534.
272
What is the remainder when 59773 is divided by 4980?
13
Calculate the remainder when 6687110 is divided by 594.
452
What is the remainder when 146754 is divided by 8152?
18
Calculate the remainder when 9436921 is divided by 74306.
59
What is the remainder when 244432 is divided by 81411?
199
Calculate the remainder when 47960532 is divided by 75767.
21
What is the remainder when 18633449 is divided by 33038?
17
Calculate the remainder when 122195 is divided by 2553.
2204
Calculate the remainder when 24148185 is divided by 12.
9
Calculate the remainder when 197545066 is divided by 38.
14
What is the remainder when 97057 is divided by 24221?
173
What is the remainder when 381157 is divided by 190043?
1071
Calculate the remainder when 142879 is divided by 4464.
31
Calculate the remainder when 23807 is divided by 7611.
974
Calculate the remainder when 84871462 is divided by 18604.
14
What is the remainder when 550651 is divided by 550540?
111
Calculate the remainder when 346421 is divided by 196.
89
What is the remainder when 145763 is divided by 573?
221
What is the remainder when 59239289 is divided by 1335?
1334
Calculate the remainder when 396603 is divided by 24786.
27
What is the remainder when 7805142 is divided by 1951274?
46
What is the remainder when 43114 is divided by 8234?
1944
What is the remainder when 49873033 is divided by 10?
3
Calculate the remainder when 44866434 is divided by 521.
519
What is the remainder when 211247811 is divided by 4515?
4506
What is the remainder when 20095 is divided by 9176?
1743
Calculate the remainder when 231591 is divided by 1324.
1215
Calculate the remainder when 122392367 is divided by 265.
262
Calculate the remainder when 22522092 is divided by 103.
9
Calculate the remainder when 427357 is divided by 14245.
7
What is the remainder when 5186156 is divided by 756?
752
Calculate the remainder when 8057717 is divided by 473982.
23
Calculate the remainder when 10471338 is divided by 220.
218
Calculate the remainder when 575842941 is divided by 4.
1
What is the remainder when 1295644 is divided by 98?
84
Calculate the remainder when 500513 is divided by 1110.
1013
What is the remainder when 26036262 is divided by 38?
30
What is the remainder when 268402079 is divided by 332?
331
What is the remainder when 85458 is divided by 85422?
36
What is the remainder when 5554 is divided by 5508?
46
What is the remainder when 403613 is divided by 5086?
1819
What is the remainder when 40304 is divided by 439?
355
What is the remainder when 115995 is divided by 36080?
7755
What is the remainder when 4167 is divided by 679?
93
What is the remainder when 3710013 is divided by 77?
76
What is the remainder when 1097935 is divided by 4428?
4219
What is the remainder when 3247349 is divided by 109?
21
What is the remainder when 22650316 is divided by 273?
52
What is the remainder when 148189155 is divided by 5521?
5515
What is the remainder when 331011 is divided by 50?
11
What is the remainder when 489918 is divided by 97929?
273
What is the remainder when 116294 is divided by 2159?
1867
What is the remainder when 6468320 is divided by 202135?
0
What is the remainder when 1493170 is divided by 18?
16
What is the remainder when 9500141 is divided by 166669?
8
What is the remainder when 1217034 is divided by 30?
24
What is the remainder when 6772326 is divided by 2257441?
3
Calculate the remainder when 166001 is divided by 325.
251
What is the remainder when 119988958 is divided by 3752?
3750
Calculate the remainder when 2858399 is divided by 22.
5
What is the remainder when 111055 is divided by 22146?
325
What is the remainder when 15243124 is divided by 91826?
8
Calculate the remainder when 277016045 is divided by 138508013.
19
Calculate the remainder when 3185136 is divided by 1592551.
34
What is the remainder when 1282663 is divided by 75?
13
Calculate the remainder when 12947 is divided by 319.
187
What is the remainder when 422116190 is divided by 917?
916
What is the remainder when 128326 is divided by 128194?
132
What is the remainder when 1644086 is divided by 154?
136
Calculate the remainder when 18266263 is divided by 126.
43
Calculate the remainder when 4767975 is divided by 389.
2
Calculate the remainder when 542254 is divided by 2931.
19
What is the remainder when 3012102 is divided by 28962?
54
Calculate the remainder when 89039 is divided by 41962.
5115
What is the remainder when 53659 is divided by 191?
179
What is the remainder when 72787 is divided by 66071?
6716
What is the remainder when 5189639 is divided by 66?
59
What is the remainder when 5579657 is divided by 1018?
1017
Calculate the remainder when 31172 is divided by 405.
392
Calculate the remainder when 26022 is divided by 370.
122
Calculate the remainder when 12040746 is divided by 4013578.
12
What is the remainder when 18546 is divided by 298?
70
Calculate the remainder when 5761500 is divided by 3042.
2994
Calculate the remainder when 35338846 is divided by 116.
26
Calculate the remainder when 3743800 is divided by 248.
240
Calculate the remainder when 659884 is divided by 329552.
780
What is the remainder when 1395757 is divided by 17818?
5953
What is the remainder when 7895 is divided by 3281?
1333
Calculate the remainder when 1604821 is divided by 82.
81
Calculate the remainder when 126597 is divided by 6291.
777
What is the remainder when 47395 is divided by 17?
16
What is the remainder when 1113202 is divided by 371066?
4
What is the remainder when 13726 is divided by 3007?
1698
Calculate the remainder when 213054277 is divided by 10.
7
Calculate the remainder when 38105198 is divided by 73.
1
What is the remainder when 820470 is divided by 3664?
3398
Calculate the remainder when 316609 is divided by 3683.
3554
What is the remainder whe